4*w + 3. Let s be x(r). Calculate g(s).
-8
Let w(c) = -4*c**2 - 40*c - 32. Let y(s) = -s**2 - 10*s - 8. Let l(f) = 2*w(f) - 9*y(f). Let r = -6588 - -6582. What is l(r)?
-16
Let c = -6086 + 6083. Let b(p) = -2*p**3 - 2*p**2 + 2*p + 3. What is b(c)?
33
Suppose -s - 3*x = s - 1339, -5*s + 3364 = 2*x. Let a(o) = -2 - 675*o**2 - 5*o + 1 + s*o**2. Calculate a(-3).
5
Let q(c) = -c**2 + 4*c + 5. Suppose n - 2*i + 6 = 0, -8*i + 17 = -2*n - 3*i. Suppose 14*z + 27 = 19*z + w, 0 = -2*z - n*w. Determine q(z).
-7
Let k(v) = v**3 - v**2 - v + 1. Let m(o) = -4*o**3 - 3*o**2 + 11*o + 5. Let d be (-2 - -1)/(12/60). Let h(b) = d*k(b) - m(b). Determine h(7).
-3
Suppose -y = -0*y - 2. Let d(i) = 5*i**2 - 5*i + 5. Let q(m) = m**3 - 26*m**2 + 26*m - 26. Let j(u) = 11*d(u) + 2*q(u). Give j(y).
25
Let d(u) = -2*u - 3. Let q(c) be the third derivative of -c**4/24 + 35*c**3/6 - 6*c**2. Let b be q(11). Let w = 27 - b. Calculate d(w).
-9
Let l(f) be the second derivative of f**5/20 - f**4/2 - 5*f**3/6 - f**2 - 2*f + 622. What is l(6)?
-32
Let s(t) = 8*t**2 + 12*t - 73. Let u(z) = 5*z**2 + 4*z - 38. Let k(h) = -3*s(h) + 5*u(h). Give k(14).
1
Let d = -23 + 13. Let m(l) = -l**3 - 4*l**2 + 53*l + 9. Let i(u) = 3*u**3 + 13*u**2 - 150*u - 25. Let h(j) = -6*i(j) - 17*m(j). Calculate h(d).
7
Let p(l) = 1 - 3 + l - 12 + 2. Let h be (-2)/(-30) + ((-9953)/(-555) - 11). What is p(h)?
-5
Suppose 2*a - c = -275, a = -3*c - 1 - 126. Suppose -7*r + 1584 = r + 3*r. Let m = r + a. Let g(u) = -u**2 + 10*u - 10. Give g(m).
6
Let y(b) = -14*b + 1. Let l be (-2)/(-6) + -1 - (-2380)/204. Suppose 49*p - l = i + 47*p, 11 = 4*i + 3*p. What is y(i)?
15
Let d(g) = -g**2 - g - 1. Let i(w) be the second derivative of -w**5/20 + w**4/12 - w**3/3 - 39*w. Let k be ((-3)/(-2))/(6/4). Let j be i(k). What is d(j)?
-3
Let g = 156 - 134. Let p be g/3 + 11/(-33) - 4. Let o(q) = -q**3 + 3*q**2 + 2*q - 2. Determine o(p).
4
Let l(n) = n**3 + 6*n**2 + n - 3. Let i = 62 + -80. Let w be 277/4 + i/72. Let h = -75 + w. Calculate l(h).
-9
Let n = -286/25 + 883/75. Let s(q) be the first derivative of n*q**3 + q + 12 - 3*q**2. Determine s(5).
-4
Suppose 4*r - 16 = -i - 1, -45 = -5*r + 4*i. Let j(q) = -147*q + 45. Let c(x) = -138*x + 43. Let v(t) = 16*c(t) - 15*j(t). What is v(r)?
-2
Let n be 2 - (-14)/2*-1. Let o(p) be the third derivative of 0*p + 21 - 1/20*p**5 - 1/120*p**6 + p**2 + p**3 + 1/3*p**4. Give o(n).
16
Let f be (-1)/(-2) - (-1)/(-2). Suppose 5*j + 3 - 33 = f. Let i(d) = 22*d**3 - 2 + 5*d**2 + d - 24*d**2 + 13*d**2 - 21*d**3. What is i(j)?
4
Let c be (-7)/(((-4)/(-1))/4). Let d(r) = 3*r. Let i(s) = 22*s - 4. Let w(z) = 21*d(z) - 3*i(z). Let l(u) = -u + 4. Let f(n) = c*l(n) + 2*w(n). Calculate f(4).
0
Let g(b) be the first derivative of -9*b**2/2 + 35*b - 646. Calculate g(4).
-1
Let m(r) = 3*r**2 + 11*r + 9. Let t(i) = 2. Let v(o) = o**2 + 6*o + 16. Let j(g) = 6*t(g) - v(g). Let p(q) = 5*j(q) + 2*m(q). Give p(6).
-14
Suppose 9 = 5*z + 2*d, -444*d = -449*d - 15. Let l(i) be the second derivative of 0 + 1/2*i**2 + 1/4*i**4 - 1/2*i**z - 28*i. What is l(3)?
19
Let y(d) = -d**3 - 5*d**2 - 8*d + 34. Let f be y(-7). Let i(j) = -102 - 100 + j + f. Calculate i(6).
-8
Let h = -8633 + 8638. Let k(b) = -4 + 0*b - 2 + 3*b. Let i(j) = j. Let z(y) = -4*i(y) + k(y). Give z(h).
-11
Let r(z) = -11*z**2 + 3*z - 27. Let u(c) = 4*c**2 + c + 8. Let h(i) = 3*r(i) + 8*u(i). What is h(12)?
43
Let r(x) = -x**3 - 7*x**2 + 21*x + 5. Suppose -d - 1 = 4*h, 3*d + 648 = -5*h + 631. Calculate r(d).
-22
Let s(i) = i**2 - 6*i - 1. Let u(f) = 12*f + 1. Let j be u(-3). Let a = j - 4. Let n be (4 - a/(-9))*-18. Determine s(n).
-1
Suppose -p + 133 = c, -p + 2 = 1. Let b(n) = 6*n + 42. Let x be b(-28). Let l = c + x. Let o(d) = -d**2 + 3*d + 2. What is o(l)?
-16
Let w(f) = f**2 + 11*f - 12. Let l be (28/3)/7 + (-4)/(-6). Let r(v) = 12*v - 7 - 6 + 123*v**l - 62*v**2 - 60*v**2. Let q(k) = -5*r(k) + 6*w(k). What is q(-6)?
-7
Let t(n) = -n**3 + 4*n**2 + 2*n - 6. Let d = 3453 - 3453. Let o = -5 - -7. Suppose z - 5 = 4*r - 16, d = -o*z - 2*r + 18. Calculate t(z).
-21
Suppose -4*t = 310 - 486. Suppose -5*y + t = 3*j, 2*y + 5*j - 30 = -1. Let d(w) = -w**2 + 6*w + 2. Give d(y).
-5
Let s be -4 - 1/((-2)/6). Let h(f) = -1. Let w(l) = -10*l. Let q(p) = s*w(p) - 2*h(p). Suppose -g - 2 = -3*b, 6*b = -g + 2*b - 2. Determine q(g).
-18
Let r(o) = -o**3 - 5*o**2 + 7*o. Suppose -48*c + 60 = -52*c. Let y(q) = 13*q + 189. Let i be y(c). What is r(i)?
-6
Let r(t) = 2*t - 12. Suppose -123 = 9*v + 21. Let u be (-8)/(-3)*(-36)/v. Determine r(u).
0
Let w(m) = -25*m**2 - 30*m - 75. Let d(b) = 58*b**2 + 60*b + 150. Let r(x) = 3*d(x) + 7*w(x). Give r(-28).
-19
Let p(t) = 2*t**3 + 4*t**2 + 55. Let d be p(0). Let q(c) = 3 + 58*c - 109*c + d*c + 2*c**2 + 0. What is q(-2)?
3
Suppose 0 = k - g - 13, -5*g = 2*k + 4 - 9. Let u(x) be the second derivative of x**4/12 - 5*x**3/3 + x**2 + 24*x. Calculate u(k).
2
Let x(c) = -c - 39. Let i(j) = -j - 77. Let b(h) = -4*i(h) + 7*x(h). Determine b(14).
-7
Let a = -9 + 34. Suppose j - 5*j = 5*m - a, -5 = -m - j. Suppose -2*i + 3 = -m. Let b(k) = k**3 - 4*k**2 - 3*k - 5. Calculate b(i).
-17
Let j(u) = -159*u**2 + 491*u + 35. Let v(t) = -23*t**2 + 68*t + 5. Let n(b) = -3*j(b) + 20*v(b). Calculate n(7).
37
Let i(s) = -99*s + 20890. Let h be i(211). Let y(w) be the second derivative of w**5/4 - w. Determine y(h).
5
Let k(d) = -d + 3. Suppose -14*h = 1 + 41. Let g(p) = -p + 2. Let l(r) = h*g(r) + 2*k(r). Determine l(-6).
-6
Let g(m) = -2*m**2 + 7*m - 7. Let z(d) = -d**2 + 107*d + 678. Let y be z(-6). What is g(y)?
-7
Let u(w) = -w**3 - 18*w - 5 + 6*w + 3713645*w**2 - 3713657*w**2. Let i = -30 + 42. Suppose 4*s = -32 - i. Give u(s).
6
Let q be ((-39)/(-9) - 5)/(1/(-18)). Suppose 0 = -9*a + 5*a + q. Let m(i) = 7 + 2*i + 3*i - i**a + 5*i**2 - 7. Calculate m(6).
-6
Let l(a) be the first derivative of a**5/60 - a**4/3 + a**3/2 + 65*a**2/2 + 50. Let s(r) be the second derivative of l(r). Determine s(5).
-12
Let v(f) = 19*f**2 - 6*f - 8. Let d(i) = 23*i**2 - 5*i - 8. Let q(l) = 5*d(l) - 6*v(l). Calculate q(-4).
-20
Let d(a) = a**3 + 32*a**2 + 31*a + 1. Let k be -27 - (-156)/(-117)*(0 + 3). Calculate d(k).
1
Let c(j) = j**3 + 12*j**2 - 7*j + 19. Let t be 0 + ((-9)/(-12) - 18/(-8)). Let s(x) = 2*x**3 + 25*x**2 - 14*x + 40. Let k(u) = t*s(u) - 7*c(u). Give k(-10).
17
Let q(g) = -2*g + g - 3 - 8*g + 4*g. Suppose 5*f = -5*v + 75, 53 = 2*v - 2*f + 7. Suppose 0 = -3*l + 2*p - v, 3*l - 5*p + 4*p = -14. Give q(l).
12
Let r(j) = j**2 - 5*j + 10. Suppose -1042 = 3*v - 4*v - 5*h, -3*h = 4*v - 4151. Suppose v*l + 32 = 1045*l. Determine r(l).
6
Let v = 19594 - 19589. Let s(h) = -7*h + 37. Give s(v).
2
Let n(k) = -2*k + 24. Suppose -10*b - 4 = -24. Suppose 0 = -2*u - b, 5*u - 4 = -2*g + 15. What is n(g)?
0
Let l(j) = -2*j + 1. Let g(n) = n - 2. Let i(f) = -2*g(f) - 3*l(f). Let k = 98 - 64. Let q(p) = p**3 - 33*p**2 - 36*p + 69. Let h be q(k). Give i(h).
5
Let o(k) be the first derivative of -4*k**2 + 8*k - 927. Determine o(6).
-40
Let q(b) = 9 + 512*b**3 + 11*b + 3 - 3 - 269*b**3 - 244*b**3 + 8*b**2. Suppose 0 = 3*h + 6, 4*d - h = h + 40. What is q(d)?
27
Suppose -3*w - d = -5*d - 56, 3*d + 70 = 4*w. Let x(h) = 19 - w - 5*h + 8*h. Determine x(-9).
-24
Let w(q) = 14*q**3 - 17*q**2 - q - 20. Let l(f) = -8*f**3 + 10*f**2 + f + 10. Let r(j) = -5*l(j) - 3*w(j). Determine r(2).
-6
Let m(q) = q + 6. Let c(y) = 2*y**2 - 9*y - 7. Let g be c(8). Suppose g = -13*t - 107. Give m(t).
-6
Let k = -6 - 1. Let f(n) = 11*n**2 - 2*n + 13. Let j(x) = 8*x**2 - x + 9. Let b(v) = k*j(v) + 5*f(v). Suppose -13 = 3*y - 4. What is b(y)?
2
Let f(w) = 77*w - 14. Let l(z) = -335*z + 57. Let u(v) = -26*f(v) - 6*l(v). Give u(3).
46
Let w(b) be the first derivative of -b**3/3 - 5*b**2/2 - 2*b - 843. What is w(-4)?
2
Let v be 1547/12 + 17/204. Let c be (-12)/(-54) + v/27. Let d(q) = q**2 - 4*q - 3. Give d(c).
2
Let f(j) = -19*j**3 - 20*j**2 - 18*j + 22. Let d(b) = 22*b**3 + 19*b**2 + 17*b - 21. Let s(y) = 6*d(y) + 7*f(y). Determine s(-25).
3
Let n(c) = -c**3 + c**2 - 14. Suppose 336 = 8*b - 5*b. Let v = b - 112. Give n(v).
-14
Let x(c) = c**3 - 10*c**2 + 17*c - 304. Suppose 349 + 289 = 58*j. Calculate x(j).
4
Suppose 122217 = -16*l + 122473. Let h(a) = 2*a**2 - 37*a + 90. Determine h(l).
10
Let u(g) 